 highest common factor of 518 and 15762?
74
What is the highest common divisor of 170 and 2630?
10
What is the greatest common divisor of 523105 and 33?
11
What is the greatest common divisor of 3830 and 670?
10
What is the highest common factor of 1643 and 527?
31
Calculate the highest common factor of 4838511 and 31.
31
What is the greatest common divisor of 6791 and 42?
1
What is the highest common divisor of 1170 and 3330?
90
Calculate the greatest common factor of 31141 and 105127.
209
Calculate the highest common divisor of 191967 and 183.
183
What is the greatest common factor of 5359 and 3956?
23
Calculate the highest common factor of 7248 and 1362.
6
What is the greatest common divisor of 25 and 1470115?
5
Calculate the greatest common factor of 24662 and 152.
38
What is the greatest common factor of 458291 and 53?
53
What is the greatest common factor of 714 and 3261909?
357
Calculate the highest common factor of 72 and 6366.
6
What is the highest common factor of 36 and 8340?
12
What is the greatest common factor of 291543 and 819?
21
What is the highest common factor of 1363 and 1711?
29
What is the highest common divisor of 36 and 406170?
18
What is the highest common factor of 119161 and 3857?
203
Calculate the highest common factor of 70281 and 2877.
411
What is the greatest common divisor of 234 and 826124?
26
What is the greatest common factor of 756 and 369?
9
Calculate the highest common divisor of 15 and 208995.
15
Calculate the greatest common divisor of 180903 and 611.
47
Calculate the highest common factor of 1596 and 644.
28
Calculate the greatest common divisor of 1130 and 850438.
226
What is the greatest common factor of 34596 and 144?
36
Calculate the highest common factor of 2303 and 35.
7
What is the greatest common divisor of 211136 and 52?
4
What is the greatest common divisor of 573 and 213?
3
What is the highest common divisor of 483 and 8878?
23
What is the greatest common divisor of 15276 and 59907?
57
What is the highest common divisor of 46080 and 954?
18
What is the greatest common divisor of 20 and 1665?
5
What is the highest common divisor of 898880 and 1590?
530
What is the greatest common factor of 10366 and 146?
146
Calculate the greatest common factor of 437 and 19067.
23
What is the highest common factor of 682 and 3534?
62
What is the highest common divisor of 17592 and 122411?
733
Calculate the greatest common divisor of 1229083 and 1576.
197
Calculate the highest common divisor of 416 and 1616.
16
Calculate the highest common divisor of 28028 and 7540.
52
What is the greatest common factor of 235305 and 90?
45
What is the highest common divisor of 26001 and 1215?
243
What is the highest common divisor of 90 and 166356?
18
Calculate the highest common factor of 53 and 43513.
53
Calculate the highest common factor of 4346 and 328.
82
Calculate the greatest common factor of 2891 and 7301.
49
Calculate the greatest common divisor of 4977 and 8631.
63
What is the highest common factor of 14304 and 520?
8
What is the greatest common factor of 100 and 15940?
20
What is the greatest common factor of 4433 and 11284?
403
Calculate the greatest common factor of 19592 and 177592.
632
What is the highest common factor of 7317 and 378?
27
What is the highest common divisor of 946 and 4246?
22
Calculate the highest common divisor of 4275 and 288.
9
What is the greatest common factor of 758466 and 87?
87
What is the greatest common factor of 1335 and 23?
1
What is the highest common factor of 85355 and 215?
215
What is the highest common divisor of 22 and 248050?
22
Calculate the greatest common divisor of 1352 and 147316.
52
Calculate the greatest common factor of 11711 and 931.
49
What is the greatest common divisor of 13062 and 168?
42
What is the highest common divisor of 43578 and 1782?
162
Calculate the greatest common divisor of 91399 and 154.
77
What is the highest common factor of 40956 and 4920?
12
What is the greatest common factor of 515246 and 24334?
1058
What is the highest common factor of 2220 and 161100?
60
What is the greatest common factor of 20175 and 225?
75
Calculate the highest common factor of 11674 and 8.
2
Calculate the greatest common factor of 6230064 and 96.
48
Calculate the highest common factor of 10621 and 1235.
247
Calculate the greatest common factor of 40 and 4899640.
40
What is the greatest common factor of 955765 and 230?
115
What is the greatest common divisor of 72026 and 18?
2
What is the highest common factor of 59568 and 102?
102
What is the highest common factor of 608 and 2592?
32
Calculate the greatest common divisor of 1355 and 2.
1
Calculate the greatest common factor of 134 and 2546.
134
Calculate the highest common divisor of 44772 and 23296.
364
Calculate the highest common factor of 1624 and 80156.
116
What is the highest common divisor of 212 and 404?
4
What is the highest common factor of 28186 and 119?
17
What is the highest common divisor of 27800 and 100?
100
Calculate the highest common factor of 88601 and 86440.
2161
Calculate the highest common factor of 120 and 37104.
24
What is the highest common factor of 8497 and 2344?
293
What is the greatest common factor of 24 and 1011?
3
Calculate the highest common divisor of 60291 and 116.
29
What is the highest common factor of 52 and 1300520?
52
Calculate the highest common divisor of 137 and 168373.
137
Calculate the greatest common factor of 195500 and 1125.
125
What is the highest common divisor of 2332 and 3180?
212
Calculate the greatest common divisor of 10682 and 201390.
98
What is the greatest common divisor of 3306 and 16986?
114
Calculate the highest common factor of 882 and 4599.
63
Calculate the highest common factor of 28 and 278348.
28
Calculate the highest common divisor of 2338 and 4175.
167
Calculate the highest common divisor of 88 and 13744.
8
Calculate the highest common factor of 249645 and 17.
17
Calculate the highest common factor of 680820 and 1260.
420
What is the highest common factor of 255 and 2127?
3
What is the highest common factor of 47375 and 25?
25
Calculate the highest common divisor of 270 and 6120.
90
Calculate the greatest common divisor of 410 and 7690.
10
Calculate the greatest common factor of 855 and 180.
45
What is the greatest common factor of 49197 and 155?
31
What is the highest common factor of 522 and 30546?
18
What is the highest common divisor of 608 and 10784?
32
What is the greatest common divisor of 8888 and 220?
44
Calculate the highest common divisor of 50 and 707530.
10
What is the greatest common factor of 21074 and 2827?
257
Calculate the greatest common factor of 63 and 62160.
21
What is the greatest common divisor of 42 and 284025?
21
Calculate the highest common factor of 776 and 1572952.
776
Calculate the greatest common factor of 207434 and 17.
17
Calculate the highest common divisor of 1152 and 887472.
144
What is the highest common factor of 34081 and 127328?
173
Calculate the greatest common divisor of 172294 and 5598.
622
Calculate the greatest common factor of 1149 and 1574513.
383
What is the highest common factor of 234354 and 12926?
562
What is the greatest common factor of 15432 and 156?
12
Calculate the highest common factor of 288 and 17208.
72
Calculate the greatest common divisor of 1170 and 604305.
585
Calculate the greatest common factor of 951328 and 372.
124
Calculate the highest common divisor of 30 and 9258.
6
Calculate the highest common factor of 6976806 and 82.
82
Calculate the greatest common divisor of 2552 and 39092.
116
Calculate the greatest common divisor of 360 and 3516.
12
Calculate the highest common divisor of 445824 and 972.
324
What is the highest common divisor of 53 and 75949?
53
What is the greatest common divisor of 3248 and 17458?
406
Calculate the greatest common factor of 21225 and 6.
3
What is the greatest common factor of 6384 and 1888?
16
What is the highest common factor of 5423 and 221?
17
Calculate the highest common divisor of 312 and 6214.
26
Calculate the greatest common factor of 20384 and 490.
98
Calculate the highest common divisor of 6085 and 10.
5
What is the greatest common divisor of 1971 and 192?
3
What is the highest common divisor of 235 and 10199?
47
What is the greatest common divi